-15
Let d(o) = 7*o**2 - o + 4 - 16*o**2 + 10*o**2. Suppose -4*c + 2 = m, 0 = 5*c - c. Let k be d(m). Let q(j) = j - 5. What is q(k)?
1
Let s(c) = -2*c - 9. Let v(r) = -r**3 - 8*r**2 - 4*r + 14. Let f be v(-7). Let o be s(f). Let d(z) = -8 + 2 + z + o. Determine d(2).
1
Let h(o) = -o**2 - 4*o + 4. Let g(t) = -4*t**2 - 22*t + 22. Let b(u) = 2*g(u) - 11*h(u). Give b(-2).
12
Let u = 4 - 9. Let j(w) = -w**2 - 2 + 11*w + 6*w - 22*w. Calculate j(u).
-2
Let m(w) = 2*w**2 + 8*w + 4*w**3 + 3*w**2 - 5*w**3 - 5. Let a(q) = -q**2 + 7*q + 9. Let u be a(8). Let k be (6/(u - 0))/1. Give m(k).
7
Suppose -30*w = 161 - 371. Let n(q) = -q**2 + 3*q + 3. What is n(w)?
-25
Let v(m) be the third derivative of -1/6*m**3 - 1/30*m**5 + 0*m - 10*m**2 - 1/12*m**4 + 1/60*m**6 + 0. What is v(-1)?
-3
Suppose 8*r = 13*r - 15. Let g be (r + -2)/(5/(-30)). Let v(b) be the first derivative of b**3/3 + 3*b**2 - 4*b - 2. Calculate v(g).
-4
Let i(t) = 586*t**2 + 587*t**2 + 4 - 5*t - 1172*t**2. What is i(3)?
-2
Let c(v) = -2*v**2 + 19*v - 37. Let g be c(5). Let k(q) = -q**2 + 9*q + 4. Calculate k(g).
12
Let h be 1 + 5/3 - 52/(-39). Suppose -2*f + 20 = -3*d, f = h*f + 4*d + 4. Let x(r) = r**3 - 4*r**2 + r + 1. Determine x(f).
5
Let d(z) = 31*z + 594. Let u be d(-19). Let w(x) be the first derivative of x**4/4 - 5*x**3/3 + x**2 - 7*x + 1. What is w(u)?
3
Let o(r) = -4*r**2 - 4*r + 1. Let p(h) = 5*h**2 - h - 5. Let j(k) = o(k) + p(k). Let b(n) = n**2 - n - 1. Let i be b(-2). Give j(i).
-4
Let w(g) = -100*g**2 + 50*g**2 + 3 - 2 + 47*g**2 + g**3. What is w(2)?
-3
Let u(t) = t**3 - 10*t**2 - 11*t + 3. Let i be u(11). Suppose s = -i*s - 20. Let r(g) = -2*g + 3. Let q(l) = 5*l - 8. Let m(w) = -3*q(w) - 8*r(w). Give m(s).
-5
Let j(r) = -r**3 + r**2 - r - 14. Suppose -25*o + 30*o = 0. What is j(o)?
-14
Let h(j) = -j**2 - j + 7. Let t = 138 - 144. Calculate h(t).
-23
Let d(f) = f**3 - f**2 + 2. Let t be d(0). Let z(s) = 50*s**2 - 28*s**t - 26*s**2. Give z(1).
-4
Let w(h) = 111*h - 91. Let g(k) = 17*k - 15. Let q(u) = 13*g(u) - 2*w(u). Calculate q(-7).
-6
Let w(f) = -2*f + 8. Let c be w(4). Let j be (4/(-5))/((-2)/5). Let b(o) = 0*o - j*o**2 + 5 + o + o**2. What is b(c)?
5
Let z(r) be the first derivative of r**6/120 + r**5/12 - 7*r**4/24 - 2*r**3/3 + 7*r**2/2 + 2. Let n(v) be the second derivative of z(v). Give n(-6).
2
Let m(r) be the first derivative of r**2/2 + 5*r - 1. Suppose 4*i + 31 = f, 3*f = -4*i - 0*i - 19. Let s be -9 + (2 + -5 - i). What is m(s)?
0
Let m(d) = -d**3 + 2*d**2 + 3*d + 1. Let s(x) = -x**3 - 8*x**2 - 10*x - 2. Let w be s(-7). Suppose w = 5*t + 4. What is m(t)?
1
Let a be (6 - 5)*5/5. Let c be 69/12 - (-1)/4. Let n(d) = -c*d - 6 + 4 + 1. Calculate n(a).
-7
Let h = -13 + 14. Let q(j) = -5*j + h - 2 + 0. Determine q(2).
-11
Let u = 11 + -14. Let a(o) be the third derivative of o**6/120 + o**5/15 + o**4/6 + o**3/6 - 21*o**2. Calculate a(u).
-2
Let i(q) = 129*q - 253*q + 126*q - 81. Determine i(0).
-81
Let t(c) = 2*c**2 - 5*c + 2. Let z be (64/(-24))/((-1)/3). Let o = -5 + z. Suppose -o*f - 4*h + 12 = f, f + 4*h = 3. Calculate t(f).
5
Let v(a) = 2*a - 8. Let q be v(5). Let o(m) = 6*m - q - 1 + 8. Let i(b) = -6*b - 4. Let p(z) = 4*i(z) + 3*o(z). Determine p(1).
-7
Let a = -4 + 2. Let c(o) = -5*o - 67 + 2*o + 131 - 4*o - 62. Calculate c(a).
16
Let q(a) = 0*a + 4*a + 4 + 2*a - a + a. What is q(-5)?
-26
Let k(a) be the third derivative of a**4/24 - 25*a**3/6 - 123*a**2. Give k(0).
-25
Let q = 78 + -43. Suppose -6*x - q = -11. Let o(c) = 0 - 3*c + 16*c**3 - 2 + 2*c - 15*c**3 + 3*c**2. Calculate o(x).
-14
Let o(f) = -f**2 - 22*f - 115. Let g be o(-9). Let w(r) be the second derivative of 1/2*r**g + r**3 + 0 - 9*r. Calculate w(-1).
-5
Suppose 0 = 2*g - g + 23. Let z be g/5 - (-12)/(-30). Let k(q) = -7*q - 8. Let n(r) = 13*r + 15. Let d(l) = -11*k(l) - 6*n(l). Determine d(z).
3
Let k(y) = 0*y - 5*y + 4*y - 3*y - 2*y**2. Suppose v = -v. Suppose -3 + v = s. What is k(s)?
-6
Suppose 5*i - 3*a - 3 = -a, 5*a + 17 = 3*i. Let z = i - -5. Let j(q) = 3*q**3 - 3*q**2 + 16*q**3 - 18*q**3 - 2*q. Determine j(z).
8
Let i = -2 + -5. Let q(j) be the third derivative of j**6/120 + j**5/10 - j**4/4 + j**3/2 + 45*j**2. Calculate q(i).
-4
Let v = -33 - -32. Let g be 0*(v + -3 + 3). Let h(d) = d**2 + d - 13. Calculate h(g).
-13
Let b(x) = x + 2. Let t(n) = -n**3 - 8*n**2 - 3*n + 4. Let f be t(-7). Let o = 19 + f. Give b(o).
-3
Let x(w) = w**3 + 5*w**2 - w - 3. Let j(h) = -h**2 + 14*h - 38. Let o be j(14). Let l = o - -33. Calculate x(l).
2
Let y(r) = -r**2 - 15*r - 4. Let p(g) = 2*g**3 - g - 16. Let d be p(0). What is y(d)?
-20
Let g(c) = 2597 - 3*c + c**2 - 1302 - 1296. Give g(-2).
9
Let w(l) be the third derivative of -2/3*l**3 - 6*l**2 + 0 + 1/12*l**4 + 0*l. Determine w(-4).
-12
Let n(c) be the second derivative of -c**5/20 + c**4/12 - 14*c. Let r(k) = -3*k - 124. Let q be r(-41). Give n(q).
2
Let g(b) be the second derivative of -b**3/6 - 5*b**2/2 + 2*b - 13. Calculate g(-3).
-2
Let d(n) = 17 + 21 - 33 - 3*n + 11*n**2. Let g(u) = -5*u**2 + u - 2. Let x(b) = -3*d(b) - 7*g(b). Suppose 4*j + 2 = -6. What is x(j)?
3
Suppose 4*j - 5*k + 13 = 3*j, -19 = -2*j - 5*k. Let m(d) = 0*d - 2*d + d**j + d + 1. Suppose 5*q = 25, -4*s + 4*q = s + 10. Give m(s).
3
Suppose 11*s = 2*z + 10*s + 8, -4*z - 5*s - 30 = 0. Let m(l) = -l**3 - 4*l**2 + 4*l - 12. Determine m(z).
-7
Let v(f) = f**3 + 8*f**2 + 5*f + 4. Suppose 142 = -21*y - 5. Give v(y).
18
Let v(h) be the third derivative of -34*h**2 - 1/24*h**4 + 0*h + 0 + 0*h**3. What is v(-7)?
7
Let i(y) = -y**3 - y + 7. Let r(d) = 22*d - 6. Let v be r(1). Suppose 4*m - v - 4 = 5*h, -2*h - 15 = -3*m. What is i(h)?
7
Let q be -3 - (-1 + -15) - 1. Let v be (-1)/3 + 52/q. Let l be (v - 9)/(1 - 0). Let z(i) = -i**2 - 7*i - 2. Determine z(l).
8
Let n = 5 - 10. Let o(b) be the first derivative of b**3/3 + 5*b**2/2 - b - 832. Determine o(n).
-1
Let y be (-5 - -3)/(-2)*9. Let s = y - 7. Suppose 2*h + 16 = -s*h. Let j(i) = i**2 + 5*i + 5. Give j(h).
1
Suppose 4*i + 5*h - 45 = 0, -h - h = 3*i - 32. Suppose 8*n - i = 3*n. Let y(z) = n*z - z**3 + 6*z**2 - 2*z - 2 - 2*z. Determine y(6).
-14
Let h = -104 + 102. Let p(o) be the third derivative of -o**6/120 - o**5/30 - o**4/8 - o**3/3 - 16*o**2. Give p(h).
4
Let m(f) be the third derivative of -f**5/60 + f**4/8 + 7*f**3/6 + 13*f**2. Let w(p) be the first derivative of m(p). What is w(3)?
-3
Let o(h) = -h**2 + 5*h + 30. Suppose -38*u = -52*u + 126. Calculate o(u).
-6
Suppose 38*u - 6*u - 256 = 0. Let d(w) = -w + 14. What is d(u)?
6
Let i be (7/(-3) - -3)*9. Let v(a) = -a**3 + 3*a**2 + a + 2. Let o be v(3). Let k(z) = 6*z + 12*z**3 + o*z**2 - 10*z**3 - 3*z**3 + 5. Give k(i).
5
Let p = 17 + -12. Suppose -p*k = 3*y + 38, -4 = 4*y + 2*k + 28. Let b(o) = 2*o + 2. What is b(y)?
-10
Let v(f) = f**3 + 6*f**2 + 5*f - 4. Suppose 5 = -6*l + l. Let c(z) = -4*z**2 + z. Let i be c(l). Let k be v(i). Let s(q) = -q - 1. Calculate s(k).
3
Let l(s) = -2*s - 4. Let z be (3 - (-4 - -8))*2. Let b be ((-33)/6 - -5)/(z/(-16)). Give l(b).
4
Let t = -117 + 118. Let y(c) = -c**2 + c. Let o(s) = -9*s**2 + 18*s. Let w(b) = o(b) - 18*y(b). Give w(t).
9
Suppose 11*m = -3*s + 9*m - 12, m = -5*s - 27. Suppose -2*x - x + 9 = 0. Let o(r) = -2*r - 10*r**2 + 9*r**x + 3*r**2 - 4*r - 10*r**3 - 3. Calculate o(s).
-3
Let t(v) = -v**3 + 3*v**2 + 2*v + 1. Suppose 123 + 123 = -6*p. Let m = p + 29. Let g = m - -15. Give t(g).
7
Let i(a) be the second derivative of -a**3/6 + 5*a**2/2 - 5*a. Let c be i(2). Let p(z) = -c*z + 1 - z + 2 + 3*z. Give p(-5).
8
Let n(l) = -l**2 + 1. Let s(u) = -u - 5 - 605*u**2 - u - u**3 + 606*u**2. Let t(j) = 6*n(j) + s(j). Calculate t(-2).
-7
Let m = -56 + 78. Suppose m*b = 29*b. Let l(h) = h - 4. Calculate l(b).
-4
Let p(q) be the second derivative of q**4/12 - 2*q**3/3 - 4*q**2 + 4*q - 3. Give p(6).
4
Let b = 9 - 6. Let g(c) = 3*c + 9. Let l(h) = -2*h - 14 + 2 + 2 + 5. Let q(u) = 6*g(u) + 11*l(u). Calculate q(b).
-13
Let c(g) = -g**2 - 3*g - 4. Let p be (-1)/(2/4) - (17 - 14). Calculate c(p).
-14
Let l(t) = -10*t**3 - 3*t**2 + 9*t - 6. Let v(u) = -2*u**3 - u**2 + 2*u - 1. Let i(y) = -l(y) + 4*v(y). Give i(-2).
-16
Let p(j) be the second derivative of j**3/6 + 3*j**2/2 - 37*j. Calculate p(5).
8
Let m(i) = -i**3 + 5*i**2 + 7. Let v(u) = -u**3 - 6*u**2 